st the prime factors of 391548399.
3, 11, 47, 252449
List the prime factors of 1316033447.
43, 30605429
What are the prime factors of 1438356671?
227, 6336373
What are the prime factors of 335673780?
2, 3, 5, 13, 233, 1847
What are the prime factors of 125417392?
2, 7838587
What are the prime factors of 70457092?
2, 19, 59, 827
List the prime factors of 55032832.
2, 223, 241
What are the prime factors of 130468620?
2, 3, 5, 257, 8461
What are the prime factors of 136299296?
2, 7, 163, 3733
List the prime factors of 293432354.
2, 137, 1070921
List the prime factors of 10821394.
2, 71, 76207
List the prime factors of 140869351.
7, 20124193
List the prime factors of 66348034.
2, 281, 118057
List the prime factors of 654751762.
2, 7, 229, 331, 617
What are the prime factors of 466180559?
13, 35860043
What are the prime factors of 256496281?
14327, 17903
What are the prime factors of 354803254?
2, 13, 83, 164413
What are the prime factors of 89200943?
13, 2153, 3187
What are the prime factors of 65803339?
7, 9400477
What are the prime factors of 159442694?
2, 17, 37, 126743
What are the prime factors of 5133282851?
5133282851
What are the prime factors of 1576955794?
2, 29, 1153, 23581
What are the prime factors of 3068470410?
2, 3, 5, 4099, 24953
What are the prime factors of 169287875?
5, 1354303
What are the prime factors of 111311?
79, 1409
What are the prime factors of 271434849?
3, 7, 37, 349337
What are the prime factors of 897937718?
2, 448968859
List the prime factors of 616939735.
5, 211, 584777
List the prime factors of 10566083.
11, 87323
List the prime factors of 125435988.
2, 3, 43, 81031
List the prime factors of 2284058.
2, 7, 163147
What are the prime factors of 225562042?
2, 112781021
List the prime factors of 18543535.
5, 43, 86249
List the prime factors of 262747472.
2, 13, 1263209
What are the prime factors of 981935141?
11, 89266831
List the prime factors of 208445793.
3, 313, 221987
What are the prime factors of 39717231?
3, 31, 427067
List the prime factors of 1213445962.
2, 606722981
What are the prime factors of 1010579553?
3, 59, 32257
List the prime factors of 58622773.
11, 5329343
List the prime factors of 5741668175.
5, 83, 2767069
List the prime factors of 1604952691.
383, 4190477
List the prime factors of 55138160.
2, 5, 7, 11, 8951
What are the prime factors of 7427400384?
2, 3, 38684377
List the prime factors of 1298912050.
2, 5, 857, 30313
List the prime factors of 1448337974.
2, 1231, 588277
What are the prime factors of 851214724?
2, 5051, 42131
List the prime factors of 3027498273.
3, 336388697
What are the prime factors of 1118290648?
2, 139786331
What are the prime factors of 37680934?
2, 31, 47, 67, 193
What are the prime factors of 38036728?
2, 4754591
What are the prime factors of 380135095?
5, 76027019
List the prime factors of 1829501667.
3, 7, 37, 261619
What are the prime factors of 8068495811?
8068495811
List the prime factors of 258733843.
31, 8346253
List the prime factors of 4464257746.
2, 13, 19, 9036959
What are the prime factors of 1693488659?
1693488659
List the prime factors of 5767523761.
5767523761
What are the prime factors of 14886138?
2, 3, 31, 163, 491
List the prime factors of 165355309.
7, 19, 1243273
What are the prime factors of 4628386435?
5, 5381, 172027
List the prime factors of 1470803281.
19, 311, 248909
List the prime factors of 358897606.
2, 179448803
What are the prime factors of 1622853455?
5, 61, 113, 47087
What are the prime factors of 37126461?
3, 379, 32653
List the prime factors of 344710825.
5, 19, 563, 1289
What are the prime factors of 178301302?
2, 307, 290393
List the prime factors of 2654074616.
2, 967, 343081
List the prime factors of 72605965.
5, 14521193
What are the prime factors of 4382528?
2, 68477
List the prime factors of 2663010220.
2, 5, 13, 17, 643, 937
List the prime factors of 6897607689.
3, 7, 29, 197, 57493
List the prime factors of 447786906.
2, 3, 7, 1033, 10321
List the prime factors of 30371699.
4561, 6659
List the prime factors of 1386355948.
2, 43, 8060209
What are the prime factors of 37475293?
17, 53, 41593
List the prime factors of 1139340767.
1139340767
List the prime factors of 27046553.
631, 42863
What are the prime factors of 75139262?
2, 11, 19, 9461
List the prime factors of 6852883.
6852883
List the prime factors of 304394361.
3, 101464787
List the prime factors of 65394097.
31, 883, 2389
What are the prime factors of 12589044?
2, 3, 13, 17, 47, 101
List the prime factors of 1024637178.
2, 3, 170772863
What are the prime factors of 1525653431?
19, 29, 163, 16987
What are the prime factors of 129134711?
129134711
List the prime factors of 394722052.
2, 98680513
What are the prime factors of 120233041?
67, 1794523
List the prime factors of 111848149.
7, 23, 199, 3491
What are the prime factors of 84151710?
2, 3, 5, 23, 4517
What are the prime factors of 7351444?
2, 23, 79907
What are the prime factors of 1908580015?
5, 449, 850147
What are the prime factors of 269277247?
269277247
What are the prime factors of 8200397548?
2, 7, 1579, 26497
What are the prime factors of 54649938?
2, 3, 7, 431, 3019
List the prime factors of 310780752.
2, 3, 1531, 4229
What are the prime factors of 1808449205?
5, 17, 21275873
What are the prime factors of 173883767?
131, 971, 1367
What are the prime factors of 498043111?
353, 1410887
What are the prime factors of 2593851421?
7, 1789, 207127
What are the prime factors of 1137514929?
3, 313, 1211411
What are the prime factors of 4800660152?
2, 41, 223, 65633
List the prime factors of 220993718.
2, 11, 47, 213727
List the prime factors of 99896501.
99896501
What are the prime factors of 67134602?
2, 2843, 11807
List the prime factors of 30879914.
2, 13, 1187689
List the prime factors of 82840773.
3, 31, 890761
What are the prime factors of 133643660?
2, 5, 6682183
List the prime factors of 451432804.
2, 112858201
List the prime factors of 923175467.
923175467
List the prime factors of 361663317.
3, 107, 375559
What are the prime factors of 1088333316?
2, 3, 7, 47, 13127
List the prime factors of 1861286901.
3, 620428967
List the prime factors of 101505955.
5, 41, 495151
What are the prime factors of 1963461065?
5, 392692213
List the prime factors of 64154092.
2, 2339, 6857
What are the prime factors of 2472226219?
43, 57493633
What are the prime factors of 51501315?
3, 5, 43, 79847
List the prime factors of 8124473.
7, 1160639
What are the prime factors of 124648791?
3, 1217, 34141
What are the prime factors of 2408431364?
2, 2953, 203897
What are the prime factors of 178919065?
5, 13, 2752601
List the prime factors of 1665748110.
2, 3, 5, 13, 29, 31, 4751
What are the prime factors of 73859893?
73859893
What are the prime factors of 2207247745?
5, 653, 787, 859
What are the prime factors of 49008096?
2, 3, 170167
What are the prime factors of 44826578?
2, 22413289
List the prime factors of 33450374.
2, 19, 193, 4561
What are the prime factors of 328580696?
2, 41072587
What are the prime factors of 87371374?
2, 29, 113, 13331
List the prime factors of 201480200.
2, 5, 1007401
What are the prime factors of 96480602?
2, 181, 266521
List the prime factors of 3989345520.
2, 3, 5, 1619, 10267
List the prime factors of 223983524.
2, 2659, 21059
List the prime factors of 1242789573.
3, 17, 24368423
List the prime factors of 237110048.
2, 7, 281, 3767
What are the prime factors of 207416362?
2, 103708181
What are the prime factors of 912484010?
2, 5, 17, 37, 145069
List the prime factors of 77139525.
3, 5, 19, 54133
What are the prime factors of 408687827?
229, 293, 6091
List the prime factors of 540761029.
540761029
What are the prime factors of 711156662?
2, 19, 18714649
List the prime factors of 172457337.
3, 13, 367, 12049
List the prime factors of 2894009866.
2, 11, 47, 2798849
List the prime factors of 181378374.
2, 3, 30229729
What are the prime factors of 164133544?
2, 20516693
What are the prime factors of 1446798962?
2, 7, 103342783
List the prime factors of 54568913.
7, 7795559
List the prime factors of 6601649715.
3, 5, 307, 159287
What are the prime factors of 287278571?
43, 997, 6701
What are the prime factors of 136428214?
2, 13, 67, 78317
List the prime factors of 2089259341.
13, 4451, 36107
Wh